 = -83*f**3 - 1486*f**2 + 200*f + 1021. Give i(-18).
13
Let d(y) = 7*y**3 - 238*y**2 - 748*y - 8. Calculate d(-3).
-95
Let h(m) = 1170*m + 7487. Calculate h(-7).
-703
Let w(k) = k**3 + 52*k**2 + 301*k + 15653. Give w(-52).
1
Let k(n) = n**3 + 99*n**2 + 1750*n + 177. Calculate k(-76).
25
Let o(w) = 199*w**2 - 159*w - 25. Calculate o(2).
453
Let y(w) = -2392*w + 2298. What is y(1)?
-94
Let s(d) = -3024*d - 59. Determine s(0).
-59
Let o(s) = 1882*s - 239026. Give o(127).
-12
Let d(q) = -27*q**2 + 2180*q + 570. Determine d(81).
3
Let a(f) = -735*f - 5305. Determine a(-13).
4250
Let z(v) = v**2 - 1019*v + 203180. What is z(272)?
-4
Let p(b) = -b**3 + 47*b**2 - 33*b + 1115. Calculate p(47).
-436
Let z(v) = 225*v + 27792. Determine z(-115).
1917
Let d(z) = z**3 + 157*z**2 + 5892*z - 2824. Determine d(-94).
-4
Let u(a) = -352*a**2 - 1356*a - 1002. Determine u(-1).
2
Let s(k) = 3*k**2 + 5*k - 319. What is s(-22)?
1023
Let s(c) = 1091*c - 8079. Determine s(7).
-442
Let c(q) = 45794*q - 45804. Calculate c(1).
-10
Let w(h) = -62*h**2 + 6026*h - 1128. Calculate w(97).
36
Let n(b) = 35*b**2 - 26*b + 7. Determine n(4).
463
Let y(l) = -l**2 + 369*l + 156341. Determine y(-252).
-151
Let y(p) = -2*p**3 + 451*p**2 - 892*p - 18. Calculate y(2).
-14
Let f(z) = 2*z**3 - 138*z**2 - 164*z + 11647. Determine f(69).
331
Let u(w) = w**3 + 35*w**2 - 107*w - 1326. Determine u(-5).
-41
Let t(k) = 64*k + 6268. Calculate t(-87).
700
Let z(a) = 25*a**2 + 1198*a + 10873. What is z(-9)?
2116
Let h(b) = -b**3 - 3*b**2 + 120*b + 7. What is h(9)?
115
Let p(d) = -4*d**2 + 89*d + 3505. Calculate p(42).
187
Let t(l) = -86701*l - 1213823. Calculate t(-14).
-9
Let g(u) = -18*u**2 - 269*u + 12478. Calculate g(20).
-102
Let l(h) = 3136*h + 191611. Determine l(-61).
315
Let t(s) = 2*s**2 + 820*s - 15444. Calculate t(19).
858
Let l(o) = 2*o**3 + 17*o**2 - 1205*o + 8523. Calculate l(11).
-13
Let b(z) = 52*z**2 - 365*z + 20. What is b(5)?
-505
Let t(o) = o**2 - 38*o + 962. Give t(33).
797
Let t(k) = -3288*k - 34715. Give t(-10).
-1835
Let a(w) = -710*w**2 - 1221*w + 2445. Give a(2).
-2837
Let n(q) = 380*q - 179. What is n(3)?
961
Let l(n) = n**3 - 202*n**2 + 15*n + 37464. What is l(201)?
78
Let o(c) = 15*c**3 + c**2 - 32*c - 107. Give o(-3).
-407
Let s(y) = -3*y**2 + 41*y + 1714. Determine s(-21).
-470
Let m(s) = -4*s**3 + 69*s**2 - 261*s + 33. Give m(8).
313
Let g(b) = 11232127*b + 11232115. Determine g(-1).
-12
Let v(l) = l**3 + 80*l**2 + 128*l - 2145. Determine v(-78).
39
Let x(r) = r**3 - 18*r**2 + 116*r - 290. What is x(8)?
-2
Let f(p) = 374*p - 1955. Calculate f(6).
289
Let n(f) = -3*f**3 + 18*f**2 - 12*f - 19. Give n(8).
-499
Let v(r) = r**3 + 8*r**2 - 123*r - 897. Determine v(-10).
133
Let m(a) = -a**3 - 3*a**2 + 27*a + 52. What is m(-3)?
-29
Let n(j) = -j**3 + 919*j**2 - 6357*j - 24650. Determine n(912).
-26
Let t(x) = -22*x**3 - 43*x**2 + 131*x + 8. Calculate t(3).
-580
Let u(l) = -13*l**2 + 1023*l - 14204. Determine u(18).
-2
Let d(v) = 55652*v + 1892165. Determine d(-34).
-3
Let n(d) = -d**3 + 1390*d**2 + 3*d - 4173. What is n(1390)?
-3
Let i(p) = 3*p**3 + 60*p**2 + 40*p - 722. Give i(3).
19
Let c(w) = 466*w + 49128. Calculate c(-97).
3926
Let s(v) = 196*v + 4986. Calculate s(-28).
-502
Let f(n) = -2*n**3 + 10*n**2 - 152*n + 428. Give f(3).
8
Let x(q) = -59*q**3 - 11*q**2 - 30*q - 16. What is x(-3)?
1568
Let i(c) = -6*c**3 - 906*c**2 - 1767*c + 3135. Calculate i(-149).
6
Let z(o) = 52*o + 239. Give z(10).
759
Let t(x) = 3277*x - 16292. What is t(5)?
93
Let o(l) = -503*l - 79971. Give o(-159).
6
Let r(f) = -16*f**3 + 152*f**2 - 2*f + 68. What is r(10)?
-752
Let j(o) = 6*o**3 - 11*o**2 - 720*o + 3122. Determine j(5).
-3
Let u(g) = -g**3 - 326*g**2 + 1596*g + 307. Determine u(5).
12
Let a(v) = -10*v**3 + 16*v**2 - 14*v + 70. Determine a(2).
26
Let t(f) = 164*f - 3619. Determine t(17).
-831
Let l(j) = -2*j**3 - 83*j**2 + 427*j + 574. Calculate l(-46).
-24
Let l(s) = -s**3 + 32*s**2 - 123*s + 335. Give l(28).
27
Let m(d) = -24*d**3 - 40*d**2 - 106*d - 37. Determine m(-3).
569
Let a(h) = h**2 - 12484*h + 62352. Determine a(5).
-43
Let c(o) = o**3 - 11*o**2 - 182*o - 307. What is c(-7)?
85
Let y(g) = 2*g**3 + 49*g**2 + 162*g + 311. Give y(-21).
-4
Let h(r) = -5*r**2 - 4170*r - 33084. Calculate h(-8).
-44
Let w(t) = t**2 + 2228*t + 328979. Give w(-159).
8
Let p(a) = 72355*a - 72363. Give p(1).
-8
Let m(y) = -55619*y + 6006845. What is m(108)?
-7
Let m(o) = -2*o**3 + 128*o**2 + 2964*o - 103. What is m(82)?
881
Let o(j) = -3*j**2 + 2202*j - 210525. What is o(113)?
-6
Let t(a) = -5*a**3 + 84*a**2 - 50*a - 1820. Determine t(14).
224
Let b(t) = -t**3 - 10*t**2 + 19*t - 6. Determine b(-15).
834
Let x(j) = j**2 + 127898*j - 2174594. Calculate x(17).
-39
Let n(v) = -4231*v - 81237. Calculate n(-19).
-848
Let q(x) = -398*x + 961. Calculate q(3).
-233
Let y(d) = -124*d**2 - 3744*d - 842. Give y(-30).
-122
Let q(l) = -238260*l - 16201682. Determine q(-68).
-2
Let n(j) = 4*j**2 + 31*j - 268. Calculate n(7).
145
Let w(t) = 1556*t - 51339. Calculate w(33).
9
Let m(y) = -59*y - 17. Calculate m(0).
-17
Let f(z) = -2*z**3 - 11*z**2 + 149444*z + 1045956. Determine f(-7).
-5
Let q(x) = 26*x**2 - 159*x - 4550. Give q(-11).
345
Let d(c) = 8*c**2 - 1122*c - 1117. Determine d(-1).
13
Let w(g) = g**2 - 114*g - 16075. Give w(-82).
-3
Let q(h) = -3*h**3 + 11*h**2 + 29*h - 25. Determine q(-9).
2792
Let n(r) = -3*r**3 - 109*r**2 - 834*r - 1615. Give n(-4).
169
Let x(l) = 2*l**3 - 17*l**2 + 332*l - 78. Give x(13).
5759
Let l(q) = 13834*q - 179850. What is l(13)?
-8
Let j(c) = c**3 + 59*c**2 + 589*c - 2140. Determine j(-45).
-295
Let v(a) = 4966*a**2 - 193672*a - 52. What is v(39)?
26
Let m(k) = k**3 + 49*k**2 - 431*k - 309. What is m(8)?
-109
Let q(a) = 4*a**3 - 150*a**2 - 599*a - 13. Give q(-4).
-273
Let l(g) = 2*g**3 + 45*g**2 - 139*g - 631. What is l(-25)?
-281
Let w(h) = 55*h - 1160. What is w(46)?
1370
Let h(u) = u**2 - 249393*u + 1496332. What is h(6)?
10
Let q(s) = -17*s**3 - 52*s**2 + 93*s + 182. What is q(3)?
-466
Let h(j) = 57*j**2 - 1322*j - 8. What is h(25)?
2567
Let s(f) = -3326*f**2 - 914676*f - 7151. What is s(-275)?
-1
Let a(u) = 15*u**3 - 845*u**2 + 758*u - 26767. What is a(56)?
1
Let d(p) = -970*p**2 + 30067*p + 187. Calculate d(31).
94
Let q(k) = -97189*k - 97309. Give q(-1).
-120
Let h(v) = 236*v - 195. Calculate h(-1).
-431
Let n(c) = 568*c + 26433. Determine n(-46).
305
Let x(o) = -24397*o + 146380. What is x(6)?
-2
Let r(z) = 29*z**2 + 597*z + 1192. Calculate r(-2).
114
Let x(g) = g**3 - 26*g**2 - 72*g + 155. Determine x(28).
-293
Let c(b) = 2*b**2 + 1405*b - 68808. Calculate c(46).
54
Let c(u) = -233*u - 12143. Give c(-51).
-260
Let z(f) = -4*f**2 - 731*f + 5501. Give z(-190).
-9
Let f(w) = -1644*w + 9499. What is f(5)?
1279
Let w(d) = 6*d**3 - 135*d**2 - 157*d + 1586. Determine w(23).
-438
Let a(g) = 643*g - 26990. What is a(42)?
16
Let l(v) = 12*v**3 + 3*v**2 + 24*v + 49. Calculate l(-2).
-83
Let m(l) = 24*l**2 + 278*l + 61. Determine m(-10).
-319
Let t(b) = -18944*b - 170518. Calculate t(-9).
-22
Let z(d) = -d**3 - 106*d**2 - 1367*d - 329. Determine z(-91).
-147
Let j(u) = 14*u**3 + 248*u**2 + 719*u - 155. Calculate j(-14).
-29
Let v(x) = -28*x**3 + 147*x**2 + 1161*x - 5984. Determine v(5).
-4
Let f(w) = 588663*w - 588678. Calculate f(1).
-15
Let x(z) = -z**3 - 194*z**2 - 2*z - 832. Calculate x(-194).
-444
Let m(q) = -q**3 + 333*q**2 + 10143*q - 12638. Give m(361).
-3
Let u(x) = 4111*x + 970186. Determine u(-236).
-10
Let r(f) = -7*f**3 + 15*f**2 - 1375*f + 2741. Determine r(2).
-5
Let f(r) = -2001*r + 14500. What is f(7)?
493
Let c(b) = 16523*b - 512205. Calculate c(31).
8
Let u(o) = -2*o**3 + 946*o**2 - 393*o + 635639. Calculate u(474).
5
Let g(b) = 42*b**2 + 329*b + 1999. Give g(-6).
1537
Let o(q) = -12*q**2 - 303*q + 2270. Determine o(6).
20
Let p(a) = -a**3 + 143*a**2 + 1390*a + 23. Calculate p(-9).
-175
Let f(b) = -1547451*b + 10832180. What is f(7)?
23
Let n(y) = y**3 + 11*y**2 + 33*y - 65. What is n(-11)?
-428
Let b(l) = -56462*l + 790458. Give b(14).
-10
Let v(u) = -u**3 - 18*u**2 + 51*u + 44. Give v(-19).
-564
Let n(k) = 5*k**3 + 2316*k**2 + 458*k - 2269. Determine n(-463).
46
Let r(b) = 985*b**2 + 2895*b + 61. What is r(-3)?
241
Let p(v) = -3*v**3 - 63*v**2 + 193*v + 13. Wh